and 2270444?
484
What is the highest common factor of 260039 and 1079?
1079
Calculate the greatest common factor of 56 and 40614.
14
Calculate the greatest common factor of 3402 and 4482.
54
What is the greatest common divisor of 40737 and 296169?
1101
What is the highest common factor of 322697 and 2764?
691
Calculate the greatest common factor of 19 and 2582385.
19
What is the highest common divisor of 26025 and 225?
75
What is the highest common factor of 1690 and 1390?
10
Calculate the greatest common divisor of 2664 and 2665998.
666
What is the greatest common divisor of 3148 and 10?
2
Calculate the highest common divisor of 153738 and 234.
234
What is the greatest common factor of 8834217 and 63?
21
What is the highest common factor of 136 and 433240?
8
Calculate the greatest common factor of 8752 and 1131743.
547
Calculate the highest common divisor of 128 and 236672.
128
What is the highest common divisor of 1667005 and 505?
505
Calculate the greatest common factor of 6138 and 6651.
9
What is the greatest common factor of 551612 and 1731?
577
Calculate the highest common factor of 602 and 14.
14
What is the greatest common factor of 22902 and 26466?
66
Calculate the highest common factor of 136 and 1003.
17
What is the highest common divisor of 22916 and 5508?
68
Calculate the greatest common divisor of 69685 and 110.
55
Calculate the greatest common divisor of 290 and 2955970.
290
Calculate the greatest common factor of 13 and 5502380.
13
What is the highest common factor of 274 and 518408?
274
Calculate the greatest common factor of 34305 and 10.
5
Calculate the highest common factor of 15 and 1695.
15
Calculate the greatest common factor of 90459 and 171.
171
What is the greatest common factor of 19 and 13317575?
19
What is the greatest common factor of 1424458 and 70?
14
Calculate the greatest common divisor of 260 and 1885.
65
Calculate the greatest common divisor of 1752 and 3669564.
876
What is the highest common factor of 20291 and 103?
103
Calculate the greatest common factor of 9265778 and 212.
106
What is the highest common divisor of 299400 and 90?
30
What is the highest common divisor of 64575 and 450?
225
What is the greatest common divisor of 4389 and 1678479?
627
What is the greatest common divisor of 223459 and 1805?
361
What is the greatest common factor of 7370 and 26950?
110
Calculate the highest common divisor of 577276 and 23744.
1484
Calculate the highest common divisor of 138 and 62721.
69
Calculate the highest common factor of 105080 and 3195.
355
Calculate the greatest common factor of 2890 and 125426.
578
Calculate the greatest common divisor of 2292 and 80160.
12
What is the greatest common factor of 186 and 2656886?
62
What is the highest common divisor of 543 and 237?
3
What is the greatest common factor of 2244643 and 301?
43
Calculate the highest common factor of 20124652 and 859.
859
Calculate the greatest common factor of 2816825 and 33.
11
Calculate the greatest common divisor of 115062 and 4.
2
What is the greatest common factor of 5152 and 7452?
92
What is the highest common divisor of 3002 and 114?
38
What is the greatest common factor of 195894 and 12?
6
What is the highest common factor of 2556 and 76893?
213
Calculate the greatest common factor of 14915 and 316355.
785
What is the greatest common divisor of 850 and 82450?
850
Calculate the highest common divisor of 39 and 548.
1
What is the highest common factor of 726 and 725758?
242
What is the highest common divisor of 37874 and 10788?
58
Calculate the greatest common factor of 400653 and 135.
27
What is the highest common divisor of 90 and 1769535?
45
What is the highest common factor of 7137756 and 153?
153
Calculate the highest common divisor of 7384 and 1053.
13
What is the highest common divisor of 7896 and 378?
42
What is the highest common divisor of 474294 and 4110?
822
Calculate the highest common factor of 4506110 and 70.
70
What is the highest common factor of 1760 and 56540?
220
Calculate the greatest common factor of 38553 and 213.
213
What is the highest common factor of 306 and 11560986?
306
Calculate the highest common divisor of 440 and 2794.
22
Calculate the highest common factor of 39427 and 84613.
443
Calculate the highest common factor of 8905 and 3055.
65
Calculate the highest common factor of 496 and 236437.
31
Calculate the greatest common divisor of 1424 and 242258.
178
What is the highest common divisor of 14755 and 1963?
13
What is the highest common divisor of 3663 and 98568?
333
Calculate the highest common divisor of 42 and 63056.
14
What is the greatest common divisor of 494 and 497510?
26
Calculate the greatest common factor of 47529 and 36.
9
Calculate the highest common factor of 194213 and 296.
37
What is the highest common factor of 2716 and 41516?
388
What is the greatest common divisor of 273 and 195351?
39
What is the greatest common divisor of 42679 and 59241?
637
What is the greatest common divisor of 626 and 11289910?
626
What is the greatest common factor of 8 and 49544?
8
Calculate the highest common factor of 49 and 392189.
7
What is the greatest common factor of 58 and 323060?
58
Calculate the highest common factor of 4008 and 492.
12
Calculate the highest common factor of 880 and 19525.
55
Calculate the highest common factor of 42650 and 13150.
50
What is the greatest common divisor of 20 and 10406560?
20
What is the highest common divisor of 156116 and 124?
124
What is the greatest common divisor of 1334 and 554364?
58
Calculate the greatest common divisor of 1020 and 27115.
85
What is the greatest common divisor of 4915 and 145?
5
Calculate the greatest common factor of 152178 and 3198.
78
What is the greatest common factor of 520459 and 103?
103
Calculate the highest common divisor of 5525 and 6175.
325
What is the highest common divisor of 5 and 215545?
5
Calculate the highest common divisor of 220710 and 6.
6
Calculate the greatest common factor of 9126 and 218322.
702
Calculate the greatest common factor of 48128 and 470.
94
What is the greatest common divisor of 1184038 and 2?
2
Calculate the greatest common divisor of 4961 and 704.
11
Calculate the greatest common factor of 5310 and 100359.
531
What is the highest common divisor of 12204 and 48?
12
Calculate the highest common divisor of 1257 and 1098.
3
Calculate the highest common divisor of 91311 and 22.
11
What is the highest common factor of 1974 and 2891252?
658
What is the highest common divisor of 434 and 38502?
62
Calculate the greatest common factor of 1826145 and 945.
135
Calculate the greatest common factor of 200 and 37300.
100
Calculate the greatest common factor of 7728 and 1242.
138
What is the highest common factor of 3346 and 966?
14
Calculate the greatest common factor of 2478 and 47495.
413
Calculate the highest common factor of 26 and 1454271.
13
Calculate the highest common divisor of 2209 and 8695.
47
Calculate the highest common divisor of 10458 and 2480289.
1743
What is the highest common factor of 3558 and 1434?
6
What is the greatest common divisor of 587124 and 9?
9
What is the highest common factor of 185023 and 106?
53
What is the greatest common factor of 1888 and 209184?
32
What is the greatest common factor of 183 and 532835?
61
Calculate the greatest common divisor of 11428 and 116.
4
Calculate the highest common divisor of 36 and 59949.
9
What is the highest common divisor of 3332 and 2068?
4
What is the highest common factor of 32473 and 175?
7
Calculate the highest common factor of 108 and 34224.
12
What is the greatest common divisor of 10307796 and 12?
12
Calculate the greatest common factor of 2500 and 108125.
625
What is the highest common divisor of 3113 and 297?
11
What is the highest common factor of 96 and 27584?
32
Calculate the highest common factor of 34 and 68.
34
Calculate the highest common factor of 696 and 1398.
6
Calculate the highest common factor of 1431 and 117819.
477
Calculate the highest common factor of 925 and 35675.
25
Calculate the greatest common divisor of 724 and 19729.
181
Calculate the highest common factor of 6592 and 896.
64
What is the highest common factor of 3396 and 32?
4
What is the greatest common divisor of 53 and 115?
1
What is the greatest common divisor 